{"id":29491,"date":"2025-01-20T17:07:05","date_gmt":"2025-01-20T16:07:05","guid":{"rendered":"https:\/\/magictowns.it\/town\/macerata-marche-italy\/"},"modified":"2026-03-11T16:28:17","modified_gmt":"2026-03-11T15:28:17","slug":"macerata-marche-italien","status":"publish","type":"town","link":"https:\/\/magictowns.it\/da\/town\/macerata-marche-italy\/","title":{"rendered":"Macerata"},"content":{"rendered":"<p>Macerata, der ligger i hjertet af Marche-regionen, er en charmerende by, der er kendt for sin rige kulturarv og sit livlige samfund. Dens historiske centrum kan prale af det fantastiske Sferisterio, et udend\u00f8rs operahus, der er ber\u00f8mt for sine sommerforestillinger, og som afspejler regionens kunstneriske \u00e5nd. Byen byder p\u00e5 en blanding af fritids- og kulturarrangementer, hvilket g\u00f8r den attraktiv for pensionister, der s\u00f8ger en engageret livsstil. Omgivet af maleriske bakker og t\u00e6t p\u00e5 Adriaterhavet har beboerne adgang til smukke strande kun en kort k\u00f8retur v\u00e6k. <\/p>\n<p>Men expats kan have udfordringer med tilg\u00e6ngeligheden af offentlig transport, og kvaliteten af sundhedsv\u00e6senet er ikke p\u00e5 h\u00f8jde med standarden i st\u00f8rre byer, selv om den er tilstr\u00e6kkelig. P\u00e5 trods af disse ulemper bidrager den indbydende atmosf\u00e6re og det aktive expat-samfund til Maceratas charme, hvilket g\u00f8r den til en attraktiv mulighed for dem, der \u00f8nsker en fredelig, men kulturelt rig italiensk oplevelse.<\/p>\n\r\n\t\t\t<div id=\"daexthefu-container\"\r\n\t\t\t\tclass=\"daexthefu-container daexthefu-layout-side-by-side daexthefu-alignment-center\"\r\n\t\t\t\tdata-post-id=\"29491\">\r\n\r\n\t\t\t\t<div class=\"daexthefu-feedback\">\r\n\t\t\t\t\t<div class=\"daexthefu-text\">\r\n\t\t\t\t\t\t<h3 class=\"daexthefu-title\">Var dette en hj\u00e6lp?<\/h3>\r\n\t\t\t\t\t<\/div>\r\n\t\t\t\t\t<div class=\"daexthefu-buttons-container\">\r\n\t\t\t\t\t\t<div class=\"daexthefu-buttons\">\r\n\t\t\t\t\t\t\t\r\n\t\t\t<div class=\"daexthefu-yes daexthefu-button daexthefu-button-type-text\" data-value=\"1\">\r\n\t\t\t\t<div class=\"daexthefu-button-text\">\u2705 Ja<\/div>\r\n\t\t\t<\/div>\r\n\r\n\t\t\t\t\t\t\t\t\t\t\r\n\t\t\t<div class=\"daexthefu-no daexthefu-button daexthefu-button-type-text\" data-value=\"0\">\r\n\t\t\t\t<div class=\"daexthefu-button-text\">\u274c Nej<\/div>\r\n\t\t\t<\/div>\r\n\r\n\t\t\t\t\t\t\t\t\t<\/div>\r\n\t\t\t\t\t<\/div>\r\n\t\t\t\t<\/div>\r\n\r\n\t\t\t\t<div class=\"daexthefu-comment\">\r\n\t\t\t\t\t<div class=\"daexthefu-comment-top-container\">\r\n\t\t\t\t\t\t<label id=\"daexthefu-comment-label\" class=\"daexthefu-comment-label\"><\/label>\r\n\t\t\t\t\t\t\t\t\t\t\t\t\t<div class=\"daexthefu-comment-character-counter-container\">\r\n\t\t\t\t\t\t\t\t<div id=\"daexthefu-comment-character-counter-number\"\r\n\t\t\t\t\t\t\t\t\tclass=\"daexthefu-comment-character-counter-number\"><\/div>\r\n\t\t\t\t\t\t\t\t<div class=\"daexthefu-comment-character-counter-text\"><\/div>\r\n\t\t\t\t\t\t\t<\/div>\r\n\t\t\t\t\t\t\t\t\t\t\t<\/div>\r\n\t\t\t\t\t<textarea id=\"daexthefu-comment-textarea\" class=\"daexthefu-comment-textarea\"\r\n\t\t\t\t\t\t\t\tplaceholder=\"Skriv din besked\"\r\n\t\t\t\t\t\t\t\tmaxlength=\"\t\t\t\t\t\t\t\t400\t\t\t\t\t\t\t\t\t\"><\/textarea>\r\n\t\t\t\t\t<div class=\"daexthefu-comment-buttons-container\">\r\n\t\t\t\t\t\t<button class=\"daexthefu-comment-submit daexthefu-button\">Indsend<\/button>\r\n\t\t\t\t\t\t<button class=\"daexthefu-comment-cancel daexthefu-button\">Annuller<\/button>\r\n\t\t\t\t\t<\/div>\r\n\t\t\t\t<\/div>\r\n\r\n\t\t\t\t<div class=\"daexthefu-successful-submission-text\">Tak for din feedback!<\/div>\r\n\r\n\t\t\t<\/div>","protected":false},"excerpt":{"rendered":"<p>Historisk by med et udend\u00f8rs operahus, kulturelle begivenheder og n\u00e6rhed til Adriaterhavet.<\/p>","protected":false},"featured_media":29492,"comment_status":"closed","ping_status":"open","template":"single-fullwidth.php","meta":{"_acf_changed":false,"_helpful_status":1,"sync_status":"","episode_type":"","audio_file":"","podmotor_file_id":"","podmotor_episode_id":"","castos_file_data":"","cover_image":"","cover_image_id":"","duration":"","filesize":"","filesize_raw":"","date_recorded":"","explicit":"","block":"","itunes_episode_number":"","itunes_title":"","itunes_season_number":"","itunes_episode_type":"","footnotes":""},"categories":[1223,1220],"tags":[1113],"class_list":{"0":"post-29491","1":"town","2":"type-town","3":"status-publish","4":"has-post-thumbnail","6":"category-macerata","7":"category-marche","8":"tag-featured"},"acf":[],"_links":{"self":[{"href":"https:\/\/magictowns.it\/da\/wp-json\/wp\/v2\/town\/29491","targetHints":{"allow":["GET"]}}],"collection":[{"href":"https:\/\/magictowns.it\/da\/wp-json\/wp\/v2\/town"}],"about":[{"href":"https:\/\/magictowns.it\/da\/wp-json\/wp\/v2\/types\/town"}],"replies":[{"embeddable":true,"href":"https:\/\/magictowns.it\/da\/wp-json\/wp\/v2\/comments?post=29491"}],"version-history":[{"count":1,"href":"https:\/\/magictowns.it\/da\/wp-json\/wp\/v2\/town\/29491\/revisions"}],"predecessor-version":[{"id":44867,"href":"https:\/\/magictowns.it\/da\/wp-json\/wp\/v2\/town\/29491\/revisions\/44867"}],"wp:featuredmedia":[{"embeddable":true,"href":"https:\/\/magictowns.it\/da\/wp-json\/wp\/v2\/media\/29492"}],"wp:attachment":[{"href":"https:\/\/magictowns.it\/da\/wp-json\/wp\/v2\/media?parent=29491"}],"wp:term":[{"taxonomy":"category","embeddable":true,"href":"https:\/\/magictowns.it\/da\/wp-json\/wp\/v2\/categories?post=29491"},{"taxonomy":"post_tag","embeddable":true,"href":"https:\/\/magictowns.it\/da\/wp-json\/wp\/v2\/tags?post=29491"}],"curies":[{"name":"wp","href":"https:\/\/api.w.org\/{rel}","templated":true}]}}

<p>Macerata, der ligger i hjertet af Marche-regionen, er en charmerende by, der er kendt for sin rige kulturarv og sit livlige samfund. Dens historiske centrum kan prale af det fantastiske Sferisterio, et udendørs operahus, der er berømt for sine sommerforestillinger, og som afspejler regionens kunstneriske ånd. Byen byder på en blanding af fritids- og kulturarrangementer, hvilket gør den attraktiv for pensionister, der søger en engageret livsstil. Omgivet af maleriske bakker og tæt på Adriaterhavet har beboerne adgang til smukke strande kun en kort køretur væk. </p>
<p>Men expats kan have udfordringer med tilgængeligheden af offentlig transport, og kvaliteten af sundhedsvæsenet er ikke på højde med standarden i større byer, selv om den er tilstrækkelig. På trods af disse ulemper bidrager den indbydende atmosfære og det aktive expat-samfund til Maceratas charme, hvilket gør den til en attraktiv mulighed for dem, der ønsker en fredelig, men kulturelt rig italiensk oplevelse.</p>

			<div id="daexthefu-container"
				class="daexthefu-container daexthefu-layout-side-by-side daexthefu-alignment-center"
				data-post-id="29491">

				<div class="daexthefu-feedback">
					<div class="daexthefu-text">
						<h3 class="daexthefu-title">Var dette en hjælp?</h3>
					</div>
					<div class="daexthefu-buttons-container">
						<div class="daexthefu-buttons">
							
			<div class="daexthefu-yes daexthefu-button daexthefu-button-type-text" data-value="1">
				<div class="daexthefu-button-text">✅ Ja</div>
			</div>

										
			<div class="daexthefu-no daexthefu-button daexthefu-button-type-text" data-value="0">
				<div class="daexthefu-button-text">❌ Nej</div>
			</div>

									</div>
					</div>
				</div>

				<div class="daexthefu-comment">
					<div class="daexthefu-comment-top-container">
						<label id="daexthefu-comment-label" class="daexthefu-comment-label"></label>
													<div class="daexthefu-comment-character-counter-container">
								<div id="daexthefu-comment-character-counter-number"
									class="daexthefu-comment-character-counter-number"></div>
								<div class="daexthefu-comment-character-counter-text"></div>
							</div>
											</div>
					<textarea id="daexthefu-comment-textarea" class="daexthefu-comment-textarea"
								placeholder="Skriv din besked"
								maxlength="								400									"></textarea>
					<div class="daexthefu-comment-buttons-container">
						<button class="daexthefu-comment-submit daexthefu-button">Indsend</button>
						<button class="daexthefu-comment-cancel daexthefu-button">Annuller</button>
					</div>
				</div>

				<div class="daexthefu-successful-submission-text">Tak for din feedback!</div>

			</div>

<p>Historisk by med et udendørs operahus, kulturelle begivenheder og nærhed til Adriaterhavet.</p>
